In base 4, what is -2121123 + 233?
-2120230
In base 14, what is -dd - -39b?
29c
In base 11, what is 71 - 17a7?
-1736
In base 10, what is -154 - -4794?
4640
In base 13, what is -5 - 1b969?
-1b971
In base 10, what is 15 - -22646?
22661
In base 15, what is 1 - 16321?
-16320
In base 14, what is -3 + 8435?
8432
In base 13, what is 5 + -c6c?
-c67
In base 11, what is 5 - 65651?
-65647
In base 10, what is -119178 + -3?
-119181
In base 2, what is -101110011110011 - 101?
-101110011111000
In base 15, what is 4e55 + 2?
4e57
In base 14, what is 3 - 159b?
-1598
In base 2, what is -1001110010000011110110 + -10?
-1001110010000011111000
In base 2, what is -110 - 1010110100?
-1010111010
In base 15, what is 50 + 54a?
59a
In base 6, what is -1 + -40541405?
-40541410
In base 13, what is 41 + 23383?
233c4
In base 13, what is -1 + -7651a?
-7651b
In base 11, what is -1102 - -54?
-1059
In base 6, what is -42 - 2123?
-2205
In base 2, what is 111 - 1111001?
-1110010
In base 13, what is 107 + -15?
c2
In base 15, what is 110 + 1287?
1397
In base 14, what is -24a784 - 3?
-24a787
In base 4, what is 12 - -2131103233?
2131103311
In base 12, what is 2a7 - 2b?
278
In base 12, what is 6 - 1089?
-1083
In base 3, what is -2 - -12021?
12012
In base 15, what is 4b425 + 4?
4b429
In base 3, what is 10210211011220 + -11?
10210211011202
In base 11, what is -5 + 393a5?
393a0
In base 15, what is 18 - 20d8?
-20c0
In base 9, what is 5 + 18002?
18007
In base 14, what is 8 - b8?
-b0
In base 14, what is -1 - 1c70?
-1c71
In base 6, what is 340413 + 4?
340421
In base 12, what is -191 - -154?
-39
In base 9, what is -116223 + 3?
-116220
In base 6, what is -2 - -232212?
232210
In base 9, what is -17 + 5532?
5514
In base 3, what is 2011 + 121012101?
121021112
In base 14, what is 117d3 - -a?
117dd
In base 5, what is 11112042 - -104?
11112201
In base 14, what is -7 - 2723b?
-27244
In base 3, what is -221102200 + -11?
-221102211
In base 12, what is -37409 - -4?
-37405
In base 10, what is 10371 + 0?
10371
In base 10, what is 91 + 647?
738
In base 11, what is -a8310 - -8?
-a8303
In base 13, what is -787a - 32?
-78ac
In base 7, what is 25012 - -25?
25040
In base 9, what is -13 - -78157?
78144
In base 13, what is -bb4 + -1?
-bb5
In base 3, what is 11 - -102202112?
102202200
In base 11, what is -3 - -19858?
19855
In base 15, what is 5533 + 2a?
555d
In base 14, what is 37c0 - -47?
3827
In base 12, what is -1 + 54a5?
54a4
In base 12, what is 13856 - 0?
13856
In base 7, what is -3 - 1160564?
-1160600
In base 11, what is -3 + 30466?
30463
In base 6, what is -230 + -1044?
-1314
In base 11, what is 99 - 12a43?
-12955
In base 6, what is 110053 + 453?
110550
In base 6, what is 111211 - -12?
111223
In base 6, what is 2003303 + 2?
2003305
In base 16, what is 3d + 161d?
165a
In base 9, what is -37521 - -4?
-37516
In base 5, what is -13412042 + -4?
-13412101
In base 15, what is -3 + -2725c?
-27260
In base 7, what is 535016 + 1?
535020
In base 10, what is 4 - 7070?
-7066
In base 10, what is 374 + 18042?
18416
In base 5, what is 34342 + 4222?
44114
In base 13, what is 1a796 - -1?
1a797
In base 13, what is -50 - -16ca?
167a
In base 7, what is -34040 - -6?
-34031
In base 2, what is -110100011 + 100010110?
-10001101
In base 2, what is 10000110100011001010 + -1001?
10000110100011000001
In base 3, what is 1100120010 + 111?
1100120121
In base 2, what is 10000001111111 - 11011?
10000001100100
In base 6, what is -42 - 1050543?
-1051025
In base 6, what is -330 + 20554?
20224
In base 2, what is 11111111 - -10111110?
110111101
In base 9, what is -22306 - 78?
-22385
In base 7, what is 12 - -11201?
11213
In base 8, what is -40 + 3570?
3530
In base 11, what is 18346 - -2a?
18375
In base 9, what is 2748 - 567?
2171
In base 13, what is c14 + -36?
bab
In base 11, what is -22501a - -3?
-225017
In base 8, what is 101377 - 23?
101354
In base 10, what is -26429 - -81?
-26348
In base 15, what is -7 - -27a1?
2799
In base 9, what is -155002 - 4?
-155006
In base 10, what is 172913 + 4?
172917
In base 11, what is -6 - aa849?
-aa854
In base 15, what is -6bbb - c?
-6bc8
In base 6, what is 241222 - -15?
241241
In base 11, what is -5075 - -19?
-5057
In base 9, what is -1 - -81788?
81787
In base 11, what is 5 - 2832?
-2828
In base 3, what is 11000 + -22010202?
-21222202
In base 11, what is 3 + 277?
27a
In base 16, what is -1ad - -31?
-17c
In base 10, what is -69 - -611?
542
In base 7, what is 15 - -25143?
25161
In base 12, what is 99a62 + 9?
99a6b
In base 7, what is 4436 + 533?
5302
In base 13, what is 3 + -1286?
-1283
In base 3, what is 111120202 - -12?
111120221
In base 6, what is 100 + -30212?
-30112
In base 11, what is 90a5 - -1a?
9114
In base 10, what is -3 + 3894?
3891
In base 8, what is -3 - 1420340?
-1420343
In base 16, what is 8ca + 1d?
8e7
In base 12, what is 2 + 4188b?
41891
In base 3, what is 2 + -200201211212?
-200201211210
In base 13, what is -55651 - -7?
-55647
In base 2, what is -1 - -1001100000000010011?
1001100000000010010
In base 7, what is 322 + -456?
-134
In base 13, what is 4081 - -5?
4086
In base 13, what is ba79 + -43?
ba36
In base 2, what is 11010110001100110 + 0?
11010110001100110
In base 2, what is -101110000000101001 - 101?
-101110000000101110
In base 11, what is -28241 - -5?
-28237
In base 8, what is 411 - -233?
644
In base 5, what is -10 + 312033?
312023
In base 8, what is -2262 + -5172?
-7454
In base 5, what is 20100 + -10422?
4123
In base 16, what is -e5a23 + 1?
-e5a22
In base 2, what is -10000111001111 + 101?
-10000111001010
In base 2, what is 100110111 - 100001101?
101010
In base 12, what is -37aa6 - 6?
-37ab0
In base 10, what is -3 - 235723?
-235726
In base 6, what is -312410 + 0?
-312410
In base 8, what is 224254 + -4?
224250
In base 2, what is 1010011001010110101000 + -100?
1010011001010110100100
In base 11, what is -1043a + 1?
-10439
In base 11, what is 21181 - 23?
21159
In base 6, what is -1 + 20440034?
20440033
In base 10, what is 14853 - -9?
14862
In base 14, what is 337721 - -4?
337725
In base 3, what is 12211 - -20?
20001
In base 15, what is a50b8 + 0?
a50b8
In base 12, what is 36b8 - -73?
376b
In base 11, what is -2715 - 9?
-2723
In base 16, what is 4 + c44?
c48
In base 14, what is b6 - 16b?
-95
In base 3, what is -2200 + -101211?
-111111
In base 4, what is -301312 - 120120?
-1022032
In base 13, what is 27 - -683?
6aa
In base 12, what is 0 - 171a07?
-171a07
In base 13, what is 4b306 - 4?
4b302
In base 9, what is -285 + -3401?
-3686
In base 13, what is -57361 + 4?
-5735a
In base 3, what is 10 + -1012000110?
-1012000100
In base 8, what is -3 + 1516076?
1516073
In base 16, what is -1b7 - 1ad?
-364
In base 12, what is -41b + 1a?
-401
In base 4, what is 1302021 - 10233?
1231122
In base 8, what is 0 + -22726?
-22726
In base 16, what is -2 + eb2f?
eb2d
In base 2, what is -11 - -1001111000100?
1001111000001
In base 3, what is -10 - -200220112000?
200220111220
In base 10, what is 0 + 2216883?
2216883
In base 12, what is b911a - -4?
b9122
In base 2, what is -1000111100100 - -101001100?
-1000010011000
In base 7, what is 111 + 513?
624
In base 5, what is 4000000 - 4?
3444441
In base 9, what is 36354 + -14?
36340
In base 12, what is -1a457 - 55?
-1a4b0
In base 15, what is -54db + -9?
-54e5
In base 11, what is -88484 - -7?
-88478
In base 9, what is 724366 - 1?
724365
In base 7, what is 234 - 202?
32
In base 9, what is -21016 - 56?
-21073
In base 9, what is -387 + 10?
-377
In base 9, what is 1506 - -17?
1524
In base 16, what is -2bf5 - 7?
-2bfc
In base 10, what is -18163 + 1?
-18162
In base 5, what is 33142 + 242?
33434
In base 16, what is 922c - -5?
9231
In base 10, what is 949 + -513?
436
In base 12, what is 358 - 63?
2b5
In base 7, what is 6102 + -246?
5523
In base 16, what is 111 + -b8?
59
In base 15, what is 1 + 4310e?
43110
In base 9, what is -1 - 2385378?
-2385380
In base 8, what is -6126 + -71?
-6217
In base 3, what is -2112011121 + -100?
-2112011221
In base 6, what is -51505052 - -4?
-51505044
In base 9, what is 65 - 7285?
-7220
In base 11, what is 26 - 11a40?
-11a15
In base 2, what is 1010010101001101 - -11?
1010010101010000
In base 15, what is 9a0 - 9?
996
In base 4, what is 103113 - 1032?
102021
In base 11, what is 2 - 56391?
-5638a
In base 5, what is -10 + -10013140?
-10013200
In base 15, what is -93181 +